{"id":722,"date":"2023-01-14T08:10:00","date_gmt":"2023-01-14T07:10:00","guid":{"rendered":"http:\/\/deppo.tkdemos.com\/?post_type=jetpack-portfolio&#038;p=722"},"modified":"2023-02-01T23:16:31","modified_gmt":"2023-02-01T22:16:31","slug":"reka","status":"publish","type":"jetpack-portfolio","link":"http:\/\/desordrestudio.com\/index.php\/portfolio\/reka\/","title":{"rendered":"Reka"},"content":{"rendered":"<h4><strong>Thomas Reka<\/strong>, photographe, nous a confi\u00e9 la r\u00e9alisation de sa charte graphique.<\/h4>\n<h4>Reka, verlan de \u00ab&nbsp;kare&nbsp;\u00bb (carr\u00e9) nous a inspir\u00e9 pour la conception de l\u2019identit\u00e9 globale. Le logo \u00ab&nbsp;Reka&nbsp;\u00bb forme lui-m\u00eame un carr\u00e9 et tous les wordings de la charte sont agenc\u00e9s de cette fa\u00e7on.<br \/>\nLe choix du papier granuleux sur tous les supports vient rappeler le travail de Thomas : la photo argentique, qui elle-m\u00eame, est constitu\u00e9e de grain.<\/h4>\n","protected":false},"excerpt":{"rendered":"<p>Thomas Reka, photographe, nous a confi\u00e9 la r\u00e9alisation de sa charte graphique. Reka, verlan de \u00ab&nbsp;kare&nbsp;\u00bb (carr\u00e9) nous a inspir\u00e9 pour la conception de l\u2019identit\u00e9 globale. Le logo \u00ab&nbsp;Reka&nbsp;\u00bb forme lui-m\u00eame un carr\u00e9 et tous les wordings de la charte sont agenc\u00e9s de cette fa\u00e7on. Le choix du papier granuleux sur tous les supports vient<\/p>\n","protected":false},"author":1,"featured_media":1950,"comment_status":"closed","ping_status":"closed","template":"","format":"standard","meta":{"footnotes":""},"tags":[],"jetpack-portfolio-type":[16],"jetpack-portfolio-tag":[],"class_list":["post-722","jetpack-portfolio","type-jetpack-portfolio","status-publish","format-standard","has-post-thumbnail","hentry","jetpack-portfolio-type-graphisme"],"jetpack_sharing_enabled":true,"_links":{"self":[{"href":"http:\/\/desordrestudio.com\/index.php\/wp-json\/wp\/v2\/jetpack-portfolio\/722","targetHints":{"allow":["GET"]}}],"collection":[{"href":"http:\/\/desordrestudio.com\/index.php\/wp-json\/wp\/v2\/jetpack-portfolio"}],"about":[{"href":"http:\/\/desordrestudio.com\/index.php\/wp-json\/wp\/v2\/types\/jetpack-portfolio"}],"author":[{"embeddable":true,"href":"http:\/\/desordrestudio.com\/index.php\/wp-json\/wp\/v2\/users\/1"}],"replies":[{"embeddable":true,"href":"http:\/\/desordrestudio.com\/index.php\/wp-json\/wp\/v2\/comments?post=722"}],"version-history":[{"count":5,"href":"http:\/\/desordrestudio.com\/index.php\/wp-json\/wp\/v2\/jetpack-portfolio\/722\/revisions"}],"predecessor-version":[{"id":5153,"href":"http:\/\/desordrestudio.com\/index.php\/wp-json\/wp\/v2\/jetpack-portfolio\/722\/revisions\/5153"}],"wp:featuredmedia":[{"embeddable":true,"href":"http:\/\/desordrestudio.com\/index.php\/wp-json\/wp\/v2\/media\/1950"}],"wp:attachment":[{"href":"http:\/\/desordrestudio.com\/index.php\/wp-json\/wp\/v2\/media?parent=722"}],"wp:term":[{"taxonomy":"post_tag","embeddable":true,"href":"http:\/\/desordrestudio.com\/index.php\/wp-json\/wp\/v2\/tags?post=722"},{"taxonomy":"jetpack-portfolio-type","embeddable":true,"href":"http:\/\/desordrestudio.com\/index.php\/wp-json\/wp\/v2\/jetpack-portfolio-type?post=722"},{"taxonomy":"jetpack-portfolio-tag","embeddable":true,"href":"http:\/\/desordrestudio.com\/index.php\/wp-json\/wp\/v2\/jetpack-portfolio-tag?post=722"}],"curies":[{"name":"wp","href":"https:\/\/api.w.org\/{rel}","templated":true}]}}

<h4><strong>Thomas Reka</strong>, photographe, nous a confié la réalisation de sa charte graphique.</h4>
<h4>Reka, verlan de «&nbsp;kare&nbsp;» (carré) nous a inspiré pour la conception de l’identité globale. Le logo «&nbsp;Reka&nbsp;» forme lui-même un carré et tous les wordings de la charte sont agencés de cette façon.<br />
Le choix du papier granuleux sur tous les supports vient rappeler le travail de Thomas : la photo argentique, qui elle-même, est constituée de grain.</h4>

<p>Thomas Reka, photographe, nous a confié la réalisation de sa charte graphique. Reka, verlan de «&nbsp;kare&nbsp;» (carré) nous a inspiré pour la conception de l’identité globale. Le logo «&nbsp;Reka&nbsp;» forme lui-même un carré et tous les wordings de la charte sont agencés de cette façon. Le choix du papier granuleux sur tous les supports vient</p>
