{"id":243,"date":"2023-01-05T09:04:00","date_gmt":"2023-01-05T08:04:00","guid":{"rendered":"http:\/\/coup.tkdvl.com\/?post_type=jetpack-portfolio&#038;p=243"},"modified":"2023-02-01T23:12:17","modified_gmt":"2023-02-01T22:12:17","slug":"clarinsdp","status":"publish","type":"jetpack-portfolio","link":"http:\/\/desordrestudio.com\/index.php\/portfolio\/clarinsdp\/","title":{"rendered":"Clarins &#8211; DP"},"content":{"rendered":"<h4 class=\"emphasis\">Clarins m&#8217;a sollicit\u00e9 pour r\u00e9aliser le dossier de presse et les cartes d\u2019invitation de l\u2019\u00e9v\u00e9nement \u00ab&nbsp;Grandeur Nature&nbsp;\u00bb, une exposition photo pour mettre en lumi\u00e8re la relation entre l\u2019homme et la nature dans le monde, en pr\u00e9sence des photographes Olivier L\u00f6ser et Laurent Monla\u00fc.<\/h4>\n","protected":false},"excerpt":{"rendered":"<p>Clarins m&#8217;a sollicit\u00e9 pour r\u00e9aliser le dossier de presse et les cartes d\u2019invitation de l\u2019\u00e9v\u00e9nement \u00ab&nbsp;Grandeur Nature&nbsp;\u00bb, une exposition photo pour mettre en lumi\u00e8re la relation entre l\u2019homme et la nature dans le monde, en pr\u00e9sence des photographes Olivier L\u00f6ser et Laurent Monla\u00fc.<\/p>\n","protected":false},"author":1,"featured_media":1999,"comment_status":"closed","ping_status":"closed","template":"","format":"standard","meta":{"footnotes":""},"tags":[],"jetpack-portfolio-type":[16],"jetpack-portfolio-tag":[],"class_list":["post-243","jetpack-portfolio","type-jetpack-portfolio","status-publish","format-standard","has-post-thumbnail","hentry","jetpack-portfolio-type-graphisme"],"jetpack_sharing_enabled":true,"_links":{"self":[{"href":"http:\/\/desordrestudio.com\/index.php\/wp-json\/wp\/v2\/jetpack-portfolio\/243","targetHints":{"allow":["GET"]}}],"collection":[{"href":"http:\/\/desordrestudio.com\/index.php\/wp-json\/wp\/v2\/jetpack-portfolio"}],"about":[{"href":"http:\/\/desordrestudio.com\/index.php\/wp-json\/wp\/v2\/types\/jetpack-portfolio"}],"author":[{"embeddable":true,"href":"http:\/\/desordrestudio.com\/index.php\/wp-json\/wp\/v2\/users\/1"}],"replies":[{"embeddable":true,"href":"http:\/\/desordrestudio.com\/index.php\/wp-json\/wp\/v2\/comments?post=243"}],"version-history":[{"count":3,"href":"http:\/\/desordrestudio.com\/index.php\/wp-json\/wp\/v2\/jetpack-portfolio\/243\/revisions"}],"predecessor-version":[{"id":5152,"href":"http:\/\/desordrestudio.com\/index.php\/wp-json\/wp\/v2\/jetpack-portfolio\/243\/revisions\/5152"}],"wp:featuredmedia":[{"embeddable":true,"href":"http:\/\/desordrestudio.com\/index.php\/wp-json\/wp\/v2\/media\/1999"}],"wp:attachment":[{"href":"http:\/\/desordrestudio.com\/index.php\/wp-json\/wp\/v2\/media?parent=243"}],"wp:term":[{"taxonomy":"post_tag","embeddable":true,"href":"http:\/\/desordrestudio.com\/index.php\/wp-json\/wp\/v2\/tags?post=243"},{"taxonomy":"jetpack-portfolio-type","embeddable":true,"href":"http:\/\/desordrestudio.com\/index.php\/wp-json\/wp\/v2\/jetpack-portfolio-type?post=243"},{"taxonomy":"jetpack-portfolio-tag","embeddable":true,"href":"http:\/\/desordrestudio.com\/index.php\/wp-json\/wp\/v2\/jetpack-portfolio-tag?post=243"}],"curies":[{"name":"wp","href":"https:\/\/api.w.org\/{rel}","templated":true}]}}

<h4 class="emphasis">Clarins m&#8217;a sollicité pour réaliser le dossier de presse et les cartes d’invitation de l’événement «&nbsp;Grandeur Nature&nbsp;», une exposition photo pour mettre en lumière la relation entre l’homme et la nature dans le monde, en présence des photographes Olivier Löser et Laurent Monlaü.</h4>

<p>Clarins m&#8217;a sollicité pour réaliser le dossier de presse et les cartes d’invitation de l’événement «&nbsp;Grandeur Nature&nbsp;», une exposition photo pour mettre en lumière la relation entre l’homme et la nature dans le monde, en présence des photographes Olivier Löser et Laurent Monlaü.</p>
